{"id":18,"date":"2015-12-20T17:32:17","date_gmt":"2015-12-20T16:32:17","guid":{"rendered":"http:\/\/www.zambo.de\/systemloesung\/?page_id=18"},"modified":"2020-10-06T12:30:56","modified_gmt":"2020-10-06T10:30:56","slug":"handel","status":"publish","type":"page","link":"https:\/\/www.zambo.de\/systemloesung\/handel\/","title":{"rendered":"Handel"},"content":{"rendered":"<h2><span style=\"color: #ff0000;\"><a href=\"https:\/\/www.zambo.de\/systemloesung\/grafiken\/zambo_handel.pdf\" target=\"_blank\" rel=\"noopener noreferrer\"><img loading=\"lazy\" decoding=\"async\" class=\"size-full wp-image-723 alignright\" src=\"https:\/\/www.zambo.de\/systemloesung\/wp-content\/uploads\/2018\/02\/pdf.png\" alt=\"Zambo Sicherheit\" width=\"50\" height=\"72\" \/><\/a>r-protect \u2013 Sicherheitsl\u00f6sungen f\u00fcr den Handel<br \/>\n<\/span><\/h2>\n<h3>Sicherheit erh\u00f6hen, Bedienkomfort steigern<br \/>\nund Betriebskosten senken mit r-protect<\/h3>\n<p><strong>Fluchtwegsicherung, Zutrittsberechtigung und Video\u00fcberwachung sind Kernaufgaben <\/strong><strong>moderner Sicherheitstechnik. Das gezielt f\u00fcr den Sicherheitsbedarf im Handel konfigurierbare r-protect bietet \u00fcber diese Kernaufgaben hinaus <\/strong><strong>weitere Optionen, um die Sicherheit f\u00fcr Menschen und Waren zu erh\u00f6hen, den Bedienkomfort zu steigern und sogar die Betriebskosten zu senken.<\/strong><\/p>\n<p>Ladendiebstahl, Vandalismusgefahr, hohe Mitarbeiterfluktuation, gesetzliche oder versicherungsrechtliche Vorgaben \u2013 je nach Standort, Warensortiment oder Gesch\u00e4ftsgr\u00f6\u00dfe ben\u00f6tigt ein Einzelh\u00e4ndler individuelle, auf seinen Bedarf und das Objekt abgestimmte Sicherheitsl\u00f6sungen. Diese sollten nicht einzeln betrachtet, sondern als System konzipiert werden. So wird gew\u00e4hrleistet, dass von Anfang an alles reibungslos miteinander funktioniert und bei wachsenden oder sich ver\u00e4ndernden Sicherheitsanforderungen die Zukunftsf\u00e4higkeit ebenso erhalten bleibt wie die bisherige Investition.<\/p>\n<h4>Sicherheit erh\u00f6hen<\/h4>\n<p>Die r-protect Systembausteine wie Einbruch- und Brandmeldung oder Zutrittsberechtigung erg\u00e4nzen sinnvolle Komponenten f\u00fcr spezielle Sicherheitsaufgaben. Zum Beispiel die versteckt am K\u00f6rper tragbare Personen-Notruf\u00fcberwachung zum Ausl\u00f6sen eines stillen Alarms im Gefahrenfall. Optional k\u00f6nnte eine unter der Decke installierte dreh-, schwenk- und fernsteuerbare Videokamera die Situation fern\u00fcberwachen und einer Leitzentrale Aufschluss \u00fcber den Anlass des Notrufs liefern, um entsprechende Gegenma\u00dfnahmen einzuleiten. Alle r-protect Systembausteine sind erweiterbar. Von einer Zutrittsberechtigung bis zu eintausend, von einer Notruf\u00fcberwachung bis hin zu der \u00dcberwachung aller gef\u00e4hrdeten Personen an allen Filialstandorten. Das Einrichten, Steuern und Verwalten der Komponenten erfolgt komfortabel und webbasiert \u00fcber die r-protect Software.<\/p>\n<h4>Komfort steigern<\/h4>\n<p>Webbasiert bedeutet, dass der Zugang zur Software mit den entsprechenden Benutzerrechten weltweit online per Internet und \u00fcber g\u00e4ngige Webbrowser wie Internet Explorer oder Firefox rund um die Uhr m\u00f6glich ist. Das ist f\u00fcr den Inhaber eines Fachgesch\u00e4fts, der abends von zu Hause aus die Zutrittsrechte f\u00fcr einen neuen Mitarbeiter anlegen m\u00f6chte, ebenso komfortabel, wie f\u00fcr einen Filialisten, der seine Standorte von einer zentralen Leitzentrale aus steuern und \u00fcberwachen m\u00f6chte. Der hohe Komfort geht einher mit hoher Sicherheit. Die Software befindet sich auf einem Server und alle Softwareverbindungen erfolgen \u00fcber eine SLSVerschl\u00fcsselung, die den hohen Standards beim Online-Banking entspricht.<\/p>\n<h4>Kosten senken<\/h4>\n<p>Neu gebaute Einzelhandelsobjekte verf\u00fcgen zumeist \u00fcber eine Geb\u00e4udeleittechnik, \u00fcber die alle Betriebsanlagen, von K\u00fchlung bis Heizung, gleicherma\u00dfen effektiv wie effizient steuerbar sind. In Bestandsobjekten mit \u00e4lterer Anlagentechnik lohnt sich eine derartige Investition aufgrund der zumeist aufw\u00e4ndigen technischen wie baulichen Nach- und Umr\u00fcstung in der Regel nicht.<\/p>\n<p>r-protect ist in der Lage Geb\u00e4udeleittechnikfunktionen zu \u00fcbernehmen. Und das ohne hohe Investitionen oder gro\u00dfe bauliche Ver\u00e4nderungen. \u00dcber diese sogenannte integrierte Systeml\u00f6sung lassen sich online beispielsweise auch Beleuchtungs-,Klima- oder Heizungsanlagen verbrauchsoptimiert steuern und die gesamte Betriebstechnik zentral \u00fcberwachen. Das Praxisbeispiel auf der R\u00fcckseite zeigt den multifunktionalen Nutzen und den Komfortgewinn den r-protect erzielen kann.<\/p>\n<div id=\"zambocontent\">\n<section><strong>r-protect Komponenten:<\/strong><\/p>\n<ul>\n<li>Einbruch- und Brandmeldeanlage<\/li>\n<li>Zutrittsberechtigung<\/li>\n<li>Fluchtwegsicherung<\/li>\n<li>Video\u00fcberwachung<\/li>\n<li>Personen-Notruf\u00fcberwachung<\/li>\n<li>Parkplatzmanagement<\/li>\n<li>Zeiterfassung<\/li>\n<\/ul>\n<\/section>\n<section><strong>Beispiele steuerbare Betriebstechnik:<\/strong><\/p>\n<ul>\n<li>Beleuchtungsanlagen<\/li>\n<li>K\u00fchlanlagen\/-bereiche<\/li>\n<li>Nachtrollos vor K\u00fchlstrecken<\/li>\n<li>Klima- und Heizungsanlagen<\/li>\n<\/ul>\n<\/section>\n<section><strong>r-protect Systemvorteile:<\/strong><\/p>\n<ul>\n<li>moderne, webbasierte L\u00f6sung<\/li>\n<li>bedarfsgerecht zusammenstellbar<\/li>\n<li>jederzeit erweiterbar<\/li>\n<li>investitions- und zukunftssicher<\/li>\n<\/ul>\n<\/section>\n<\/div>\n<h2>Bedarfsgerecht erweiterbare Systemkomponenten<\/h2>\n\n\t\t<div id='gallery-1' class='gallery galleryid-18 gallery-columns-3 gallery-size-200 gallery1'><script type=\"text\/javascript\">\r\n\/\/ <![CDATA[\r\n\tjQuery(document).ready(function () {\r\n\t\tjQuery(\".gallery1 a\").attr(\"rel\",\"gallery1\");\t\r\n\t\tjQuery('a[rel=\"gallery1\"]').colorbox({maxWidth:\"95%\", maxHeight:\"95%\",title: function(){ return jQuery(this).children().attr(\"alt\"); }, });\r\n\t});\r\n\/\/ ]]>\r\n<\/script>\n<figure class=\"gallery-item\">\n<div class=\"gallery-icon\">\r\n<a href=\"https:\/\/www.zambo.de\/systemloesung\/wp-content\/uploads\/2015\/12\/zutrittsberechtigung200x290-1.jpg\" title=\"\" rel=\"gallery1\"><img loading=\"lazy\" decoding=\"async\" src=\"https:\/\/www.zambo.de\/systemloesung\/wp-content\/uploads\/2015\/12\/zutrittsberechtigung200x290-1.jpg\" width=\"200\" height=\"290\" alt=\"Zutrittsberechtigung\" \/><\/a>\r\n<\/div><figcaption class=\"gallery-caption\" id=\"caption174\"><span class=\"imagedescription\">Zutrittsberechtigung<\/span><br \/>\n<\/figcaption><\/figure><figure class=\"gallery-item\">\n<div class=\"gallery-icon\">\r\n<a href=\"https:\/\/www.zambo.de\/systemloesung\/wp-content\/uploads\/2015\/12\/fluchtwegsicherung200x290-1.jpg\" title=\"\" rel=\"gallery1\"><img loading=\"lazy\" decoding=\"async\" src=\"https:\/\/www.zambo.de\/systemloesung\/wp-content\/uploads\/2015\/12\/fluchtwegsicherung200x290-1.jpg\" width=\"200\" height=\"290\" alt=\"Fkuchtwegsicherung\" \/><\/a>\r\n<\/div><figcaption class=\"gallery-caption\" id=\"caption169\"><span class=\"imagedescription\">Fkuchtwegsicherung<\/span><br \/>\n<\/figcaption><\/figure><figure class=\"gallery-item\">\n<div class=\"gallery-icon\">\r\n<a href=\"https:\/\/www.zambo.de\/systemloesung\/wp-content\/uploads\/2015\/12\/videoueberwachung200x290-1.jpg\" title=\"\" rel=\"gallery1\"><img loading=\"lazy\" decoding=\"async\" src=\"https:\/\/www.zambo.de\/systemloesung\/wp-content\/uploads\/2015\/12\/videoueberwachung200x290-1.jpg\" width=\"200\" height=\"290\" alt=\"Video\u00fcberwachung\" \/><\/a>\r\n<\/div><figcaption class=\"gallery-caption\" id=\"caption172\"><span class=\"imagedescription\">Video\u00fcberwachung<\/span><br \/>\n<\/figcaption><\/figure><figure class=\"gallery-item\">\n<div class=\"gallery-icon\">\r\n<a href=\"https:\/\/www.zambo.de\/systemloesung\/wp-content\/uploads\/2015\/12\/notrufueberwachung200x290.jpg\" title=\"\" rel=\"gallery1\"><img loading=\"lazy\" decoding=\"async\" src=\"https:\/\/www.zambo.de\/systemloesung\/wp-content\/uploads\/2015\/12\/notrufueberwachung200x290.jpg\" width=\"200\" height=\"290\" alt=\"Notruf\u00fcberwachung\" \/><\/a>\r\n<\/div><figcaption class=\"gallery-caption\" id=\"caption170\"><span class=\"imagedescription\">Notruf\u00fcberwachung<\/span><br \/>\n<\/figcaption><\/figure><figure class=\"gallery-item\">\n<div class=\"gallery-icon\">\r\n<a href=\"https:\/\/www.zambo.de\/systemloesung\/wp-content\/uploads\/2015\/12\/parkplatzmanagement200x290-1.jpg\" title=\"\" rel=\"gallery1\"><img loading=\"lazy\" decoding=\"async\" src=\"https:\/\/www.zambo.de\/systemloesung\/wp-content\/uploads\/2015\/12\/parkplatzmanagement200x290-1.jpg\" width=\"200\" height=\"290\" alt=\"Parkplatzmanagement\" \/><\/a>\r\n<\/div><figcaption class=\"gallery-caption\" id=\"caption171\"><span class=\"imagedescription\">Parkplatzmanagement<\/span><br \/>\n<\/figcaption><\/figure><figure class=\"gallery-item\">\n<div class=\"gallery-icon\">\r\n<a href=\"https:\/\/www.zambo.de\/systemloesung\/wp-content\/uploads\/2015\/12\/zeiterfassung200x290-1.jpg\" title=\"\" rel=\"gallery1\"><img loading=\"lazy\" decoding=\"async\" src=\"https:\/\/www.zambo.de\/systemloesung\/wp-content\/uploads\/2015\/12\/zeiterfassung200x290-1.jpg\" width=\"200\" height=\"290\" alt=\"Zeiterfassung\" \/><\/a>\r\n<\/div><figcaption class=\"gallery-caption\" id=\"caption173\"><span class=\"imagedescription\">Zeiterfassung<\/span><br \/>\n<\/figcaption><\/figure>\r\n\t\t<\/div>\n\n<p><strong>r-protect bietet vielf\u00e4ltige Optionen zum Realisieren individueller, objektspezifischer Sicherheitsanforderungen.<\/strong><br \/>\n<strong> Die Systembausteine sind einzeln erh\u00e4ltlich, Investitions- und Zukunftssicherheit bleiben gew\u00e4hrleistet.<\/strong><\/p>\n<ol>\n<li><strong>Zutrittsberechtigung an der Au\u00dfent\u00fcr <\/strong>f\u00fcr ber\u00fchrungslos lesbare Ausweiskarten oder Transponderchips.<\/li>\n<li><strong>Fluchtwegt\u00fcr mit Zutrittsberechtigung<\/strong> und Video\u00fcberwachung, hier als Geb\u00e4udezugang in einer Tiefgarage.<\/li>\n<li><strong>Video\u00fcberwachung im Innenraum<\/strong> \u00fcber eine sichtbar abgeh\u00e4ngte, dreh-, schwenk- und fernsteuerbare Kamera.<\/li>\n<li><strong>Personen-Notruf\u00fcberwachung<\/strong>, um bei Diebstahl oder \u00dcberfall per Knopfdruck die Hilfe unbemerkt anzufordern.<\/li>\n<li><strong>Parkplatzmanagement<\/strong> mit Gratisparkzeitoptionen bei Einkauf und kontinuierlicher Information \u00fcber die Parkplatzauslastung.<\/li>\n<li><strong>Vom reinen \u201eZeit erfassen\u201c<\/strong> bis hin zu multifunktionalen Terminals zum perfekten Managen von Zeit und weiteren Unternehmensdaten.<\/li>\n<\/ol>\n<h3>\u00dcberzeugende Praxisvorteile f\u00fcr den Gesch\u00e4ftsbetrieb<\/h3>\n<p><strong>Die r-protect Vorteile f\u00fcr eine multifunktionale Nutzung, bei<\/strong><br \/>\n<strong> der die Sicherheitstechnik auch die Betriebstechnik steuert,<\/strong><br \/>\n<strong> verdeutlicht ein Praxisbeispiel: N\u00e4chtlicher Ausfall der K\u00fchlstrecke<\/strong><br \/>\n<strong> in einer Lebensmittelfiliale.<\/strong><\/p>\n<ul>\n<li>Der Ausfall wird durch eine Warnleuchte am K\u00fchlger\u00e4t angezeigt und von dort elektronisch an die r-protect Steuereinheit in der Filiale weitergeleitet.<\/li>\n<li>Die Steuereinheit meldet den Alarm online an die r-protect Software in der Firmenzentrale.<\/li>\n<li>Die Zentrale ist nachts unbesetzt und die Software reagiert nach zuvor definierten Parametern vollkommen automatisiert.<\/li>\n<li>F\u00fcr die Reparatur ist ein externer Dienstleister mit 24-st\u00fcndiger Bereitschaft zust\u00e4ndig. Die Servicemitarbeiter sind in der Software hinterlegt und erhalten per SMS die Mitteilung an welchem Filialstandort, welche Art von Alarm vorliegt.<\/li>\n<li>Ein einsatzbereiter Mitarbeiter best\u00e4tigt den Erhalt des Reparaturauftrags durch eine SMS-R\u00fcckmeldung an die Software.<\/li>\n<li>Die Software registriert die R\u00fcckmeldung und informiert die anderen Mitarbeiter per SMS, dass der Auftrag in Bearbeitung ist.<\/li>\n<li>Zudem erteilt die Software der Steuereinheit den Befehl die Zutrittsberechtigung am Nebeneingang f\u00fcr den elektronischen Zutrittsausweis des Servicetechnikers freizugeben.<\/li>\n<li>Der Servicetechniker trifft an der Filiale ein und erh\u00e4lt Zugang \u00fcber seinen Zutrittsausweis, ohne dass ein Alarm erfolgt.<br \/>\nParallel wird die Grundbeleuchtung der Filiale eingeschaltet.<\/li>\n<li>Nach dem Betreten verschlie\u00dft ein selbstverriegelndes Antipanik-Motorschloss die T\u00fcr. Das Verlassen ist \u00fcber die Panikentriegelung von innen nach au\u00dfen jederzeit m\u00f6glich.<\/li>\n<li>Die durchgef\u00fchrte Reparatur meldet der Techniker per SMS an die Software und verl\u00e4sst die Filiale \u00fcber den Nebeneingang.<\/li>\n<li>Durch Abmelden des Zutrittsausweises an der Zutrittsberechtigung erh\u00e4lt die Steuereinheit den Befehl zum Ausschalten der Grundbeleuchtung. Das Antipanik-Motorschloss verriegelt die T\u00fcr und schaltet die Alarmanlage wieder scharf. Die nur f\u00fcr diese Reparatur erteilte Zutrittsberechtigung wird gel\u00f6scht.<\/li>\n<\/ul>\n<h4>Vorteile<\/h4>\n<ul>\n<li>Durch die sofortige Alarmmeldung mit anschlie\u00dfender Reparatur ist kein Schaden an der Ware entstanden.<\/li>\n<li>Es wurden keine weiteren Personen wie Filialleitung oder Sicherheitsdienst f\u00fcr das n\u00e4chtliche \u00d6ffnen\/Schlie\u00dfen ben\u00f6tigt.<\/li>\n<li>Die Zutrittsberechtigung f\u00fcr den Servicetechniker bestand nur f\u00fcr den Zeitpunkt der Reparatur. Im Vergleich zu herk\u00f6mmlichen Schl\u00fcsseln, bei denen ein Missbrauchs- und Verlustrisiko besteht, ist der Zutrittsausweis des Servicetechnikers bis zum n\u00e4chsten Einsatz ohne Funktion.<\/li>\n<li>Die Beleuchtung war nur w\u00e4hrend der Reparatur eingeschaltet.<\/li>\n<li>Zur internen Dokumentation und zur Kontrolle des externen Dienstleisters wurden alle Zeiten exakt festgehalten: Reaktionszeit auf den Alarm, Eintreffen in der Filiale und Reparaturdauer.<\/li>\n<\/ul>\n<h4>Systemkomponenten im Beispiel<\/h4>\n<ul>\n<li>r-protect Steuereinheit: Zum Anschlie\u00dfen und Steuern der Sicherheits- und Betriebstechnik. Die Betriebstechnik wird per herk\u00f6mmlicher Elektroinstallation mit den Ein-\/Ausg\u00e4ngen der Steuereinheit verbunden. Die Ein-\/Ausg\u00e4nge sind \u00fcber die Software frei programmierbar, so dass beispielsweise Grund-, Verkaufs- und Au\u00dfenbeleuchtung getrennt schaltbar sind.<\/li>\n<li>r-protect Software: Die passwortgesch\u00fctzte Softwarenutzung erfolgt online \u00fcber g\u00e4ngige Webbrowser wie Internet Explorer, Firefox oder Safari. Welcher Benutzer welche Zugriffsrechte auf die Software erh\u00e4lt l\u00e4sst sich \u00fcber Hierarchien individuell einrichten. Die Benutzung ist\u00a0 anwenderfreundlich und erfordert kein besonderes Expertenwissen.<\/li>\n<li>r-protect Zutrittsberechtigung: Wie oben unter 1. beschrieben.<\/li>\n<li>Antipanik-Motorschloss: Erf\u00fcllt gesetzliche und baurechtliche Anforderungen, die an einen Rettungsweg gestellt werden.<\/li>\n<\/ul>\n<p><code><\/code><\/p>\n<p><code><\/p>\n<style type=\"text\/css\">\n.clear {<br \/>\n  clear: both;<br \/>\n}<br \/>\n#zambocontent {overflow: auto; padding: 5px; margin-top: 5px;}<br \/>\n#zambocontent section {display: block; float: left; width: 240px;}<\/p>\n<\/style>\n<p><\/code><\/p>\n<p><code><\/code><\/p>\n","protected":false},"excerpt":{"rendered":"<p>r-protect \u2013 Sicherheitsl\u00f6sungen f\u00fcr den Handel Sicherheit erh\u00f6hen, Bedienkomfort steigern und Betriebskosten senken mit r-protect Fluchtwegsicherung, Zutrittsberechtigung und Video\u00fcberwachung sind Kernaufgaben moderner Sicherheitstechnik. Das gezielt f\u00fcr den Sicherheitsbedarf im Handel &#8230;<\/p>\n","protected":false},"author":1,"featured_media":135,"parent":0,"menu_order":0,"comment_status":"closed","ping_status":"closed","template":"","meta":{"footnotes":""},"class_list":["post-18","page","type-page","status-publish","has-post-thumbnail","hentry"],"_links":{"self":[{"href":"https:\/\/www.zambo.de\/systemloesung\/wp-json\/wp\/v2\/pages\/18","targetHints":{"allow":["GET"]}}],"collection":[{"href":"https:\/\/www.zambo.de\/systemloesung\/wp-json\/wp\/v2\/pages"}],"about":[{"href":"https:\/\/www.zambo.de\/systemloesung\/wp-json\/wp\/v2\/types\/page"}],"author":[{"embeddable":true,"href":"https:\/\/www.zambo.de\/systemloesung\/wp-json\/wp\/v2\/users\/1"}],"replies":[{"embeddable":true,"href":"https:\/\/www.zambo.de\/systemloesung\/wp-json\/wp\/v2\/comments?post=18"}],"version-history":[{"count":16,"href":"https:\/\/www.zambo.de\/systemloesung\/wp-json\/wp\/v2\/pages\/18\/revisions"}],"predecessor-version":[{"id":876,"href":"https:\/\/www.zambo.de\/systemloesung\/wp-json\/wp\/v2\/pages\/18\/revisions\/876"}],"wp:featuredmedia":[{"embeddable":true,"href":"https:\/\/www.zambo.de\/systemloesung\/wp-json\/wp\/v2\/media\/135"}],"wp:attachment":[{"href":"https:\/\/www.zambo.de\/systemloesung\/wp-json\/wp\/v2\/media?parent=18"}],"curies":[{"name":"wp","href":"https:\/\/api.w.org\/{rel}","templated":true}]}}