{"id":16,"date":"2015-12-20T17:32:07","date_gmt":"2015-12-20T16:32:07","guid":{"rendered":"http:\/\/www.zambo.de\/systemloesung\/?page_id=16"},"modified":"2020-10-06T12:30:03","modified_gmt":"2020-10-06T10:30:03","slug":"industrie","status":"publish","type":"page","link":"https:\/\/www.zambo.de\/systemloesung\/industrie\/","title":{"rendered":"Industrie"},"content":{"rendered":"<h2><span style=\"color: #ff0000;\"><a href=\"https:\/\/www.zambo.de\/systemloesung\/grafiken\/zambo_industrie.pdf\" target=\"_blank\" rel=\"noopener noreferrer\"><img loading=\"lazy\" decoding=\"async\" class=\"size-full wp-image-723 alignright\" src=\"https:\/\/www.zambo.de\/systemloesung\/wp-content\/uploads\/2018\/02\/pdf.png\" alt=\"Zambo Sicherheit\" width=\"50\" height=\"72\" \/><\/a>c-protect \u2013 Sicherheitsl\u00f6sungen f\u00fcr die Industrie<br \/>\n<\/span><\/h2>\n<h3>Sicherheits- und organisationstechnische<br \/>\nAnforderungen effektiv und effizient umsetzen<\/h3>\n<p><strong>Der Diebstahl von Waren, Betriebs- und <\/strong><strong>Produktionsmitteln einerseits sowie von <\/strong><strong>Wissen und Daten andererseits schadet<\/strong> <strong>Unternehmen in erheblichem Ma\u00dfe. Insbesondere<\/strong> <strong>bei Wissens- und Datenraub<\/strong> <strong>kann auch ein Verlust der Wettbewerbsund <\/strong><strong>Zukunftsf\u00e4higkeit mit einhergehen.<\/strong> <strong>Mit individuellen, unternehmens- und <\/strong><strong>objektspezifisch geplanten Sicherheitsl\u00f6sungen <\/strong><strong>l\u00e4sst sich Diebstahl aller Art<\/strong> <strong>wirkungsvoll bek\u00e4mpfen.<\/strong><\/p>\n<h4>Sicherheitsorganisation<\/h4>\n<p>Dieben wird es h\u00e4ufig zu leicht gemacht. Egal ob 100 oder 1.000 Personen in einem Unternehmen arbeiten, in vielen F\u00e4llen hat jeder Mitarbeiter zu jedem Geb\u00e4udebereich Zutritt. Und oft nicht nur die Mitarbeiter, sondern auch Externe wie Reinigungskr\u00e4fte oder Lieferanten. Da macht nicht nur die Gelegenheit Diebe, sondern diese Offenheit l\u00e4sst auch jeden Freiraum zur gezielten Firmenspionage. Zutrittsberechtigungen schieben hier einen Riegel vor. Sind die T\u00fcren zu den Geb\u00e4udebereichen und einzelne T\u00fcren innerhalb der Bereiche mit Zutrittslesern ausgestattet, l\u00e4sst sich sehr differenziert organisieren wer, wo, wann Zutritt hat. Das gilt f\u00fcr eigene Mitarbeiter ebenso wie f\u00fcr feste Dienstleister oder kurzfristige Besucher. Die auf dem pers\u00f6nlichen Zutrittsausweis hinterlegten Berechtigungen sind jederzeit ver\u00e4nderbar. Eine Auswertung wer sich wo, wann zuletzt aufgehalten hat ist exakt m\u00f6glich. Abh\u00e4ngig von der Unternehmensgr\u00f6\u00dfe, Mitarbeiter- und T\u00fcrenanzahl kommen unter Kosten-Nutzen-Aspekten abgestufte Zutrittsl\u00f6sungen zum Einsatz. Eine ideale Erg\u00e4nzung zu den Zutrittsberechtigungen bilden elektronische Fluchtwegsicherungen. Diese sichern den Rettungsweg und beugen auch Diebstahl vor, der \u00fcber unbeaufsichtigte Au\u00dfent\u00fcren erfolgen kann. Besitzen diese T\u00fcren eine Fluchtwegsicherung, ist eine berechtigte Begehung per Zutrittsausweis von innen wie au\u00dfen m\u00f6glich. Bei einem Not\u00f6ffnen der Fluchtwegsicherung wird jedoch umgehend Alarm ausgel\u00f6st. Optional ist eine Videoaufzeichnung m\u00f6glich.<\/p>\n<h4>Bedienkomfort<\/h4>\n<p>Das Einrichten, Steuern, Verwalten und \u00dcberwachen aller Systembausteine erfolgt webbasiert \u00fcber die c-protect Software. Webbasiert bedeutet, dass der Zugang zur Software mit den entsprechenden Benutzerrechten weltweit online per Internet und \u00fcber g\u00e4ngige Webbrowser wie Internet Explorer oder Firefox rund um die Uhr m\u00f6glich ist. Das ist f\u00fcr den Objektbetreuer eines mittelst\u00e4ndischen Unternehmens, der per PC die Zutrittsrechte der Mitarbeiter verwaltet, ebenso komfortabel, wie f\u00fcr die Facility Manager eines Industriekonzerns, die alle Firmenstandorte von einer zentralen Leitzentrale aus steuern und \u00fcberwachen. Der hohe Komfort geht einher mit hoher Sicherheit. Die Software befindet sich auf einem Server und alle Softwareverbindungen erfolgen \u00fcber eine SLS-Verschl\u00fcsselung, die den hohen Standards beim Online-Banking entspricht.<\/p>\n<h4>Investitionssicherheit<\/h4>\n<p>Das c-protect System samt seinen Komponenten w\u00e4chst mit den Anforderungen.<br \/>\nEinmal get\u00e4tigte Investitionen bleiben bei Systemausbau erhalten.<\/p>\n<div id=\"zambocontent\">\n<section><strong>c-protect Komponenten:<\/strong><\/p>\n<ul>\n<li>Einbruch- und Brandmeldeanlage<\/li>\n<li>Zutrittsberechtigung<\/li>\n<li>Fluchtwegsicherung<\/li>\n<li>Video\u00fcberwachung<\/li>\n<li>Personen-Notruf\u00fcberwachung<\/li>\n<li>Parkplatzmanagement<\/li>\n<li>Zeiterfassung<\/li>\n<\/ul>\n<\/section>\n<section><strong>Beispiele Zutrittsberechtigungen:<\/strong><\/p>\n<ul>\n<li>Schranken und Tiefgaragenzufahrten<\/li>\n<li>Au\u00dfen- und Innent\u00fcren aller Art<\/li>\n<li>Aufz\u00fcge, Schiebe- und Rolltore<\/li>\n<li>Auch f\u00fcr Maschinenberechtigungen<\/li>\n<\/ul>\n<\/section>\n<section><strong>c-protect Systemvorteile:<\/strong><\/p>\n<ul>\n<li>moderne, webbasierte L\u00f6sung<\/li>\n<li>bedarfsgerecht zusammenstellbar<\/li>\n<li>jederzeit erweiterbar<\/li>\n<li>investitions- und zukunftssicher<\/li>\n<\/ul>\n<\/section>\n<\/div>\n<h3>Systemkomponenten f\u00fcr verschiedenste Aufgaben<\/h3>\n<p><strong>c-protect bietet vielf\u00e4ltige Optionen <\/strong><strong>zum Realisieren individueller, objektspezifischer <\/strong><strong>Sicherheitsanforderungen.<\/strong><br \/>\n<strong>Die Systembausteine sind einzeln<\/strong> <strong>erh\u00e4ltlich, Investitions- und Zukunftssicherheit <\/strong><strong>bleiben gew\u00e4hrleistet.<\/strong><\/p>\n<ol>\n<li><strong>Zufahrtskontrolle zum Firmengel\u00e4nde <\/strong>\u00fcber die Ausweiskarten der Mitarbeiter oder eine automatische Kennzeichenerkennung per Videotechnik.<\/li>\n<li><strong>Zutrittsberechtigung an der Au\u00dfent\u00fcr <\/strong>f\u00fcr ber\u00fchrungslos lesbare Ausweiskarten oder Transponderchips.<\/li>\n<li><strong>Fluchtwegt\u00fcr mit Zutrittsberechtigung <\/strong>zum Abgrenzen von Geb\u00e4udebereichen und als gesicherter Rettungsweg.<\/li>\n<li><strong>Video\u00fcberwachung im Innen- und<\/strong> <strong>Au\u00dfenraum<\/strong> \u00fcber dreh-, schwenk-, zoom- und fernsteuerbare Kameras.<\/li>\n<li><strong>Zeiterfassungsterminal<\/strong> f\u00fcr die \u00dcbergabe an Zeitwirtschaftssysteme.<\/li>\n<li><strong>Leitzentrale zum zentralen Steuern,<\/strong> <strong>\u00dcberwachen und Verwalten<\/strong> der verschiedenen Systemkomponenten. Bei kleineren Systemen reicht ein PC zur Systemverwaltung vollkommen aus.<\/li>\n<\/ol>\n\n\t\t<div id='gallery-1' class='gallery galleryid-16 gallery-columns-3 gallery-size-200 gallery1'><script type=\"text\/javascript\">\r\n\/\/ <![CDATA[\r\n\tjQuery(document).ready(function () {\r\n\t\tjQuery(\".gallery1 a\").attr(\"rel\",\"gallery1\");\t\r\n\t\tjQuery('a[rel=\"gallery1\"]').colorbox({maxWidth:\"95%\", maxHeight:\"95%\",title: function(){ return jQuery(this).children().attr(\"alt\"); }, });\r\n\t});\r\n\/\/ ]]>\r\n<\/script>\n<figure class=\"gallery-item\">\n<div class=\"gallery-icon\">\r\n<a href=\"https:\/\/www.zambo.de\/systemloesung\/wp-content\/uploads\/2015\/12\/parkplatzmanagement200x290.jpg\" title=\"Zufahrtskontrolle\" rel=\"gallery1\"><img loading=\"lazy\" decoding=\"async\" src=\"https:\/\/www.zambo.de\/systemloesung\/wp-content\/uploads\/2015\/12\/parkplatzmanagement200x290.jpg\" width=\"200\" height=\"290\" alt=\"Zufahrtskontrolle\" \/><\/a>\r\n<\/div><figcaption class=\"gallery-caption\" id=\"caption83\"><span class=\"imagecaption\">Zufahrtskontrolle<\/span><br \/>\n<\/figcaption><\/figure><figure class=\"gallery-item\">\n<div class=\"gallery-icon\">\r\n<a href=\"https:\/\/www.zambo.de\/systemloesung\/wp-content\/uploads\/2015\/12\/zutrittsberechtigung200x290.jpg\" title=\"Zutrittsberechtigung\" rel=\"gallery1\"><img loading=\"lazy\" decoding=\"async\" src=\"https:\/\/www.zambo.de\/systemloesung\/wp-content\/uploads\/2015\/12\/zutrittsberechtigung200x290.jpg\" width=\"200\" height=\"290\" alt=\"Zutrittsberechtigung\" \/><\/a>\r\n<\/div><figcaption class=\"gallery-caption\" id=\"caption80\"><span class=\"imagecaption\">Zutrittsberechtigung<\/span><br \/>\n<\/figcaption><\/figure><figure class=\"gallery-item\">\n<div class=\"gallery-icon\">\r\n<a href=\"https:\/\/www.zambo.de\/systemloesung\/wp-content\/uploads\/2015\/12\/fluchtwegsicherung200x290.jpg\" title=\"Fluchtwegsicherung\" rel=\"gallery1\"><img loading=\"lazy\" decoding=\"async\" src=\"https:\/\/www.zambo.de\/systemloesung\/wp-content\/uploads\/2015\/12\/fluchtwegsicherung200x290.jpg\" width=\"200\" height=\"290\" alt=\"Fluchtwegsicherung\" \/><\/a>\r\n<\/div><figcaption class=\"gallery-caption\" id=\"caption81\"><span class=\"imagecaption\">Fluchtwegsicherung<\/span><br \/>\n<\/figcaption><\/figure><figure class=\"gallery-item\">\n<div class=\"gallery-icon\">\r\n<a href=\"https:\/\/www.zambo.de\/systemloesung\/wp-content\/uploads\/2015\/12\/videoueberwachung200x290.jpg\" title=\"Video\u00fcberwachung\" rel=\"gallery1\"><img loading=\"lazy\" decoding=\"async\" src=\"https:\/\/www.zambo.de\/systemloesung\/wp-content\/uploads\/2015\/12\/videoueberwachung200x290.jpg\" width=\"200\" height=\"290\" alt=\"Video\u00fcberwachung\" \/><\/a>\r\n<\/div><figcaption class=\"gallery-caption\" id=\"caption105\"><span class=\"imagecaption\">Video\u00fcberwachung<\/span><br \/>\n<\/figcaption><\/figure><figure class=\"gallery-item\">\n<div class=\"gallery-icon\">\r\n<a href=\"https:\/\/www.zambo.de\/systemloesung\/wp-content\/uploads\/2015\/12\/zeiterfassung200x290.jpg\" title=\"Zeiterfassung\" rel=\"gallery1\"><img loading=\"lazy\" decoding=\"async\" src=\"https:\/\/www.zambo.de\/systemloesung\/wp-content\/uploads\/2015\/12\/zeiterfassung200x290.jpg\" width=\"200\" height=\"290\" alt=\"Zeiterfassung\" \/><\/a>\r\n<\/div><figcaption class=\"gallery-caption\" id=\"caption85\"><span class=\"imagecaption\">Zeiterfassung<\/span><br \/>\n<\/figcaption><\/figure><figure class=\"gallery-item\">\n<div class=\"gallery-icon\">\r\n<a href=\"https:\/\/www.zambo.de\/systemloesung\/wp-content\/uploads\/2015\/12\/leitzentrale200x290.jpg\" title=\"Leitzentrale\" rel=\"gallery1\"><img loading=\"lazy\" decoding=\"async\" src=\"https:\/\/www.zambo.de\/systemloesung\/wp-content\/uploads\/2015\/12\/leitzentrale200x290.jpg\" width=\"200\" height=\"290\" alt=\"Leitzentrale\" \/><\/a>\r\n<\/div><figcaption class=\"gallery-caption\" id=\"caption82\"><span class=\"imagecaption\">Leitzentrale<\/span><br \/>\n<\/figcaption><\/figure>\r\n\t\t<\/div>\n\n<h4>c-protect Projektbeispiel<\/h4>\n<p><strong>Am Firmensitz einer namhaften deutschen Verlagsgruppe <\/strong><strong>wurden mit c-protect die nachfolgenden Kundenanforderungen <\/strong><strong>objektspezifisch geplant und realisiert.<\/strong><\/p>\n<h4>Anforderungen<\/h4>\n<ul>\n<li>Kontrollieren, dass nur berechtigte Personen auf das Firmengel\u00e4nde<br \/>\ngelangen. Insbesondere bei Schichtwechsel, wenn viele Personen das Gel\u00e4nde zeitgleich betreten und verlassen.<\/li>\n<li>Verhindern, dass externe Dienstleister oder Lieferanten die verschiedenen Firmengeb\u00e4ude ungehindert betreten k\u00f6nnen.<\/li>\n<li>Organisieren und gew\u00e4hrleisten, dass zuk\u00fcnftig nicht jeder Mitarbeiter zu jedem Firmenbereich Zutritt hat. Produktionsmitarbeiter<br \/>\nsollen nach B\u00fcroschluss keinen freien Zugang zur Verwaltung haben, Verwaltungsmitarbeiter, ohne Aufgaben in<br \/>\nder Produktion, d\u00fcrfen aus versicherungsrechtlichen Gr\u00fcnden nicht die Druckerei betreten.<\/li>\n<\/ul>\n<h4>L\u00f6sungen<\/h4>\n<ul>\n<li>Das mit Z\u00e4unen gesicherte Gel\u00e4nde erh\u00e4lt an zwei Stellen Schlupftore mit Personenvereinzelungen \u00fcber Drehkreuze.<br \/>\nAn diesen Stelle k\u00f6nnen die Mitarbeiter das Firmengl\u00e4nde per Legitimation \u00fcber ihren pers\u00f6nlichen Zutrittsausweis betreten.<\/li>\n<li>Das Haupttor wird \u00fcber eine Schrankenanlage mit zus\u00e4tzlichem Unterkriechschutz abgesichert.<\/li>\n<li>Die Geb\u00e4udezug\u00e4nge werden mittels Fluchtwegsicherungen und Zutrittsberechtigungen vor unerlaubtem Betreten gesichert.<\/li>\n<li>\u00dcber die Zutrittsberechtigungen l\u00e4sst sich genau festlegen wer, wo, wann hinein darf. Schichtdienstzeiten, Sonder- oder<br \/>\nUrlaubstage k\u00f6nnen f\u00fcr jeden einzelnen Mitarbeiter differenziert angelegt werden.<\/li>\n<li>Auch die Begehm\u00f6glichkeiten von externen Dienstleistern regeln Zutrittsberechtigungen.<\/li>\n<li>Die an den Au\u00dfent\u00fcren installierten wetterfesten Zutrittsleser \u00f6ffnen nur Personen mit entsprechender Zutrittsberechtigung.<\/li>\n<li>Bei Manipulations- oder Einbruchsversuchen gibt die ebenfalls an diesen T\u00fcren installierte elektronische Fluchtwegsicherung<br \/>\nunverz\u00fcglich Alarm. Dieser kann still an einer zentralen Leitstelle erfolgen und\/oder direkt an der T\u00fcr optisch\/akustisch.<\/li>\n<li>Die Fluchtwegsicherung gew\u00e4hrleistet bei Gefahr, dass die ansonsten verschlossene Au\u00dfent\u00fcr sofort von innen zu \u00f6ffnen<br \/>\nist. Um auch hier einen Missbrauch (z. B. Warendiebstahl) zu verhindern erfolgt beim Ausl\u00f6sen der Fluchtwegsicherung ein<br \/>\noptisch-akustischer Alarm samt Mitteilung an die Leitzentrale. (Optional kann eine Videokamera die T\u00fcr permanent \u00fcberwachen<br \/>\noder bei Aktivierung der Fluchtwegsicherung das Ereignis automatisch dokumentieren und speichern.)<\/li>\n<li>Das in den Fluchtwegt\u00fcren verbaute selbstverriegelnde Antipanik-Schloss gilt als versicherungstechnisch verriegelt und<br \/>\nmuss nicht von Hand abgeschlossen werden. Das Offenstehen einer T\u00fcr meldet ein T\u00fcrkontakt (z. B. nach einer Minute) der<br \/>\nLeitzentrale. Das regelm\u00e4\u00dfige \u00dcberpr\u00fcfen der T\u00fcren und Abschlie\u00dfen von Hand entf\u00e4llt.<\/li>\n<\/ul>\n<h4>Systemausbau<\/h4>\n<ul>\n<li>Das System wird zuk\u00fcnftig auch zur Zeiterfassung genutzt.<br \/>\nDie vorhandenen Zutrittsausweise der Mitarbeiter dienen dann<br \/>\ngleichzeitig zum \u201eEin- und Ausstempeln\u201c. (Optional ist eine<br \/>\nErweiterung f\u00fcr die Kantinenabrechnung m\u00f6glich.)<\/li>\n<\/ul>\n<ul>\n<li>Die bundesweiten Vertriebsfilialen des Unternehmens werden<br \/>\nnach und nach mit Zutrittslesern ausgestattet und in das<br \/>\nSystem integriert. Die je Mitarbeiter definierten Zutrittsberechtigungen<br \/>\nber\u00fccksichtigen dann bei Bedarf alle Standorte.<br \/>\nBedingt durch den webbasierten Systemaufbau ist dies problemlos<br \/>\nm\u00f6glich, gegebenenfalls f\u00fcr weltweite Standorte.<\/li>\n<\/ul>\n<p><code><\/code><\/p>\n<p><code><\/p>\n<style type=\"text\/css\">\n.clear {<br \/>\n  clear: both;<br \/>\n}<br \/>\n#zambocontent {overflow: auto; padding: 5px; margin-top: 5px;}<br \/>\n#zambocontent section {display: block; float: left; width: 240px;}<\/p>\n<\/style>\n<p><\/code><\/p>\n<p><code><\/code><\/p>\n","protected":false},"excerpt":{"rendered":"<p>c-protect \u2013 Sicherheitsl\u00f6sungen f\u00fcr die Industrie Sicherheits- und organisationstechnische Anforderungen effektiv und effizient umsetzen Der Diebstahl von Waren, Betriebs- und Produktionsmitteln einerseits sowie von Wissen und Daten andererseits schadet Unternehmen &#8230;<\/p>\n","protected":false},"author":1,"featured_media":104,"parent":0,"menu_order":0,"comment_status":"closed","ping_status":"closed","template":"","meta":{"footnotes":""},"class_list":["post-16","page","type-page","status-publish","has-post-thumbnail","hentry"],"_links":{"self":[{"href":"https:\/\/www.zambo.de\/systemloesung\/wp-json\/wp\/v2\/pages\/16","targetHints":{"allow":["GET"]}}],"collection":[{"href":"https:\/\/www.zambo.de\/systemloesung\/wp-json\/wp\/v2\/pages"}],"about":[{"href":"https:\/\/www.zambo.de\/systemloesung\/wp-json\/wp\/v2\/types\/page"}],"author":[{"embeddable":true,"href":"https:\/\/www.zambo.de\/systemloesung\/wp-json\/wp\/v2\/users\/1"}],"replies":[{"embeddable":true,"href":"https:\/\/www.zambo.de\/systemloesung\/wp-json\/wp\/v2\/comments?post=16"}],"version-history":[{"count":17,"href":"https:\/\/www.zambo.de\/systemloesung\/wp-json\/wp\/v2\/pages\/16\/revisions"}],"predecessor-version":[{"id":875,"href":"https:\/\/www.zambo.de\/systemloesung\/wp-json\/wp\/v2\/pages\/16\/revisions\/875"}],"wp:featuredmedia":[{"embeddable":true,"href":"https:\/\/www.zambo.de\/systemloesung\/wp-json\/wp\/v2\/media\/104"}],"wp:attachment":[{"href":"https:\/\/www.zambo.de\/systemloesung\/wp-json\/wp\/v2\/media?parent=16"}],"curies":[{"name":"wp","href":"https:\/\/api.w.org\/{rel}","templated":true}]}}